
1
What is the millions digit of 33290885?
3
What is the billions digit of 5657329912?
5
What is the hundred millions digit of 124163101?
1
What is the thousands digit of 848910018?
0
What is the hundred millions digit of 890356855?
8
What is the ten millions digit of 69760035?
6
What is the tens digit of 7845145256?
5
What is the units digit of 234247186?
6
What is the hundred millions digit of 1925405947?
9
What is the hundreds digit of 3327570537?
5
What is the hundreds digit of 919537030?
0
What is the hundreds digit of 308874998?
9
What is the ten millions digit of 52329898?
5
What is the millions digit of 93360221?
3
What is the units digit of 237727403?
3
What is the hundred thousands digit of 3751017613?
0
What is the thousands digit of 39094223?
4
What is the hundred millions digit of 2451924663?
4
What is the billions digit of 2653389479?
2
What is the ten millions digit of 26779270?
2
What is the hundred thousands digit of 4237475701?
4
What is the tens digit of 3659463223?
2
What is the hundred millions digit of 481731150?
4
What is the units digit of 328307427?
7
What is the ten millions digit of 742731046?
4
What is the millions digit of 79458249?
9
What is the hundreds digit of 80155729?
7
What is the ten thousands digit of 20624230?
2
What is the hundred millions digit of 546554102?
5
What is the units digit of 74425915?
5
What is the tens digit of 81990714?
1
What is the thousands digit of 7059896626?
6
What is the hundreds digit of 22310330?
3
What is the hundred thousands digit of 32988223?
9
What is the ten millions digit of 283892647?
8
What is the ten millions digit of 61189108?
6
What is the thousands digit of 2600134904?
4
What is the tens digit of 411680159?
5
What is the ten millions digit of 144207864?
4
What is the tens digit of 108914444?
4
What is the units digit of 155275424?
4
What is the units digit of 3348264?
4
What is the millions digit of 7941315?
7
What is the ten millions digit of 144053485?
4
What is the units digit of 8638799?
9
What is the hundred millions digit of 657379707?
6
What is the hundreds digit of 503253327?
3
What is the millions digit of 1450828927?
0
What is the ten thousands digit of 92659175?
5
What is the billions digit of 3166066461?
3
What is the tens digit of 898254037?
3
What is the millions digit of 439499123?
9
What is the hundred millions digit of 337939215?
3
What is the millions digit of 59603597?
9
What is the ten thousands digit of 330494393?
9
What is the hundred millions digit of 2770801479?
7
What is the tens digit of 537587158?
5
What is the ten thousands digit of 81487291?
8
What is the hundreds digit of 140666929?
9
What is the thousands digit of 373699428?
9
What is the tens digit of 7122410?
1
What is the millions digit of 100097955?
0
What is the hundreds digit of 1244543895?
8
What is the hundred millions digit of 5251595113?
2
What is the hundreds digit of 347025203?
2
What is the units digit of 91844927?
7
What is the units digit of 96526753?
3
What is the ten millions digit of 400008625?
0
What is the ten millions digit of 72571895?
7
What is the hundreds digit of 100267394?
3
What is the tens digit of 98108373?
7
What is the hundred millions digit of 106178782?
1
What is the hundred thousands digit of 129777396?
7
What is the units digit of 3116798?
8
What is the hundreds digit of 5364185?
1
What is the tens digit of 323666136?
3
What is the thousands digit of 121584134?
4
What is the millions digit of 30658147?
0
What is the ten thousands digit of 75909429?
0
What is the hundred thousands digit of 205857043?
8
What is the millions digit of 97538646?
7
What is the billions digit of 2437085212?
2
What is the billions digit of 5526442516?
5
What is the hundred millions digit of 178335899?
1
What is the hundred thousands digit of 19584459?
5
What is the units digit of 2764625671?
1
What is the tens digit of 149772555?
5
What is the hundred thousands digit of 627592552?
5
What is the thousands digit of 31664550?
4
What is the units digit of 424574348?
8
What is the millions digit of 15356891?
5
What is the thousands digit of 166983769?
3
What is the tens digit of 155058861?
6
What is the thousands digit of 56440122?
0
What is the tens digit of 47817946?
4
What is the ten thousands digit of 3322141817?
4
What is the units digit of 170690108?
8
What is the tens digit of 188949095?
9
What is the units digit of 476915803?
3
What is the hundreds digit of 644595058?
0
What is the thousands digit of 811966094?
6
What is the tens digit of 3558632931?
3
What is the thousands digit of 462266101?
6
What is the tens digit of 141151093?
9
What is the millions digit of 50961586?
0
What is the tens digit of 6884969?
6
What is the ten thousands digit of 60995626?
9
What is the millions digit of 1553130697?
3
What is the hundred thousands digit of 1706788244?
7
What is the hundreds digit of 85309318?
3
What is the thousands digit of 56544816?
4
What is the hundred thousands digit of 5578412578?
4
What is the ten thousands digit of 66443571?
4
What is the billions digit of 5189725119?
5
What is the tens digit of 241225848?
4
What is the thousands digit of 21049131?
9
What is the units digit of 3195676095?
5
What is the millions digit of 914656408?
4
What is the hundreds digit of 64175412?
4
What is the ten thousands digit of 56026381?
2
What is the units digit of 362683652?
2
What is the ten millions digit of 69526530?
6
What is the ten millions digit of 183392831?
8
What is the ten thousands digit of 111360019?
6
What is the tens digit of 6570076701?
0
What is the ten thousands digit of 103409841?
0
What is the thousands digit of 481766805?
6
What is the hundreds digit of 324933620?
6
What is the tens digit of 382289922?
2
What is the hundreds digit of 133781907?
9
What is the hundred millions digit of 801971419?
8
What is the tens digit of 1400636939?
3
What is the ten millions digit of 538723212?
3
What is the hundred thousands digit of 1203506?
2
What is the ten thousands digit of 179946038?
4
What is the hundreds digit of 542210028?
0
What is the hundred thousands digit of 137219684?
2
What is the billions digit of 6724732689?
6
What is the thousands digit of 1957723440?
3
What is the millions digit of 37686459?
7
What is the hundred thousands digit of 1024684500?
6
What is the billions digit of 7054186779?
7
What is the ten thousands digit of 14449999?
4
What is the hundreds digit of 2420490152?
1
What is the ten millions digit of 44768195?
4
What is the ten thousands digit of 48072018?
7
What is the hundreds digit of 258086602?
6
What is the millions digit of 1041005426?
1
What is the thousands digit of 56876349?
6
What is the tens digit of 401438989?
8
What is the hundred millions digit of 2781779048?
7
What is the hundreds digit of 522828216?
2
What is the ten millions digit of 128262105?
2
What is the hundred thousands digit of 582861264?
8
What is the hundred thousands digit of 13898612?
8
What is the units digit of 8721018?
8
What is the hundred millions digit of 830571384?
8
What is the tens digit of 2347897787?
8
What is the ten thousands digit of 93256228?
5
What is the millions digit of 619862386?
9
What is the ten millions digit of 530848187?
3
What is the hundreds digit of 1034939548?
5
What is the hundred millions digit of 110887823?
1
What is the hundreds digit of 150187537?
5
What is the millions digit of 177451243?
7
What is the ten millions digit of 131042793?
3
What is the tens digit of 3249425229?
2
What is the ten thousands digit of 254440516?
4
What is the millions digit of 111333773?
1
What is the tens digit of 84728361?
6
What is the millions digit of 2442337710?
2
What is the millions digit of 1917911833?
7
What is the hundreds digit of 55260172?
1
What is the hundred millions digit of 476361942?
4
What is the tens digit of 271827261?
6
What is the millions digit of 3801972533?
1
What is the hundred millions digit of 7689859162?
6
What is the ten millions digit of 1014670322?
1
What is the hundred thousands digit of 53569083?
5
What is the units digit of 598999744?
4
What is the thousands digit of 120735640?
5
What is the billions digit of 1198389887?
1
What is the tens digit of 2589836367?
6
What is the thousands digit of 82923530?
3
What is the un